 34. Let b be (0 - c)*(2329 + 5). Suppose 14*y + b = 20*y. Is y a prime number?
True
Suppose -70421 = -b - 5*o, o + 78477 = 2*b - 62343. Let z = -40122 + b. Is z a prime number?
False
Let s = 232 - 228. Suppose 6*d - 3*d = 0. Suppose 0 = y + s, -o - o - 3*y + 574 = d. Is o prime?
True
Let m(t) = 9461*t**2 - 1266*t - 7633. Is m(-6) prime?
True
Let g = 0 - -5. Is (-1 - g - -1) + (27 - -6109) composite?
False
Suppose 7*y + 17267 = -19588. Let l = 14448 + y. Is l a composite number?
True
Is 5*202309*(-4 - (-210)/50*1) a composite number?
False
Let w = 354420 - 86837. Is w a composite number?
True
Is 16977/(-7 + (-5 - 174/(-14))) a composite number?
True
Let x = 796 - 535. Let k(i) = -9*i**2 - 15*i + 2. Let o be k(6). Let q = x - o. Is q prime?
True
Suppose 67*o - 61*o - 1842 = 0. Suppose -311*z + 5036 = -o*z. Is z composite?
False
Let l(x) = -6384*x - 2351. Is l(-7) a prime number?
True
Suppose t + 28439 = 5*t + 5*z, 5*t = 5*z + 35605. Suppose t = 3*k - 0*k. Suppose -k = -7*l + 3*l. Is l composite?
False
Let s be (-2)/7 + (-199850)/(-98). Suppose v - 2041 = -4*d, 3*v - 4*v - 5*d = -s. Suppose v - 781 = 4*t. Is t a composite number?
False
Let u = 1998 + -1123. Let b = u + -732. Is b a composite number?
True
Suppose k + d + 5379 = 6*d, 0 = 4*k - 3*d + 21431. Let x be k/8 - 6/(-24). Let y = 218 - x. Is y composite?
False
Let a be (12 - 11)*(-4)/(-1). Suppose 2*t = a*t - 5*j - 25, j + 5 = -3*t. Suppose -3*d + 11653 + 680 = t. Is d composite?
False
Let r = 29383 - 16746. Is r composite?
False
Let f be -2*(-1)/(-14) + (-418)/(-133). Suppose -c + v + 12649 = f*c, -5*c + 15827 = 4*v. Is c a composite number?
False
Let a = 50 + -32. Let w(m) = 25 + a - 2 + 150*m. Is w(5) a prime number?
False
Suppose -2*f + 4*v = -2082058, -2341655 = -3*f - v + 781474. Is f a composite number?
False
Let j be (65/(-35) - 1)/(2/(-7)). Let x(q) = 25*q**2 + 11*q + 37. Is x(j) prime?
True
Suppose -4*l - 12 = -56. Suppose w = -t + 11043, -w + 11047 = 14*t - l*t. Is w a prime number?
False
Suppose l - 33 = -5*q, 3*q - 56 = -4*l + 2*q. Suppose -18*p + l*p = -6330. Suppose p = h + h. Is h composite?
True
Suppose 2*s = 4*w - 36, -5*w + 2*w = 4*s - 16. Suppose w*k + 134398 = 30*k. Is k a composite number?
True
Let g be -34 + -3 + (-1 - -4). Let o be (g/85)/((1/1)/1140). Let w = 2578 + o. Is w composite?
True
Let g(c) = 2*c**2 - 4. Let f = 36 - 38. Let y be g(f). Suppose 0*v - y*v + 2*r = -52, -v - 3*r = -27. Is v a composite number?
True
Let x = 28 + -24. Suppose -9 + 17 = x*k. Suppose 4*f - 236 = k*b + 1084, 4*b - 1308 = -4*f. Is f prime?
False
Let h be (257 + -1)*264/(-96). Let g = h - -5883. Is g a prime number?
True
Let c(i) = -i**3 + 4*i**2 - 2*i - 1. Suppose 0*d = 4*d - 12. Let y be c(d). Suppose -2*f = y*r - 1160, -r + 0*r = 2*f - 577. Is r a composite number?
True
Suppose 0 = 5*v + 3*o - 42, 5*o + 10 = 16*v - 11*v. Suppose 0 = v*m - 29723 + 9971. Suppose k + m = n, n + 5*k - 3307 = k. Is n a composite number?
True
Suppose -4*q = c - 85955, -q = 262*c - 266*c + 343871. Is c composite?
True
Let x be (24/20)/(1 + 17/(-20)). Let l(u) = -11 + 15*u**3 + 4*u - x*u**2 + 6*u - 12*u**3. Is l(6) composite?
False
Suppose -4*d = c - 73707, -3*d + 5*d = 5*c + 36859. Is d prime?
True
Let k(u) = 58*u**2 - 69*u - 165. Is k(-24) composite?
True
Is 8 + (-7 - (-5 - -2)) + 12867 prime?
False
Suppose -g = 2*k - 211012 + 36441, -g = -4*k - 174565. Is g composite?
False
Suppose 5*d - 6*d + 669 = k, 4*d + k = 2676. Suppose -4*b + d = -495. Is b a composite number?
True
Suppose 4*i + 16 = 2*p, -4*p + i - 7 = -9*p. Is (-4)/2*(2 - 22773/p) prime?
True
Let m(b) = 10*b**2 - 447*b + 112. Is m(50) composite?
True
Suppose 0 = 8080*a - 8070*a - 613030. Is a prime?
False
Let d = 137 - 134. Suppose -5*y = z - 5619, -d*y + 4*z + 3741 = 388. Is y composite?
False
Let w = -31960 - -211043. Is w a prime number?
True
Is ((-23)/46)/(6/(-3485868)) a composite number?
False
Let u(j) = -80*j**3 + 20*j**2 - 3*j + 10. Let m(i) = -i**3 - 1. Let t(w) = 3*m(w) - u(w). Is t(6) a composite number?
True
Let h(f) = -f**3 + 18*f**2 + 31. Suppose -2*k + 3*o + o = -132, 5*k + 3*o - 369 = 0. Suppose -k*j + 14 = -71*j. Is h(j) prime?
False
Let k = -4 + 6. Let a(q) = 5*q**2 + 212*q - 352. Let o be a(-44). Suppose 0 = -k*f - 3*m + 2681, -2*f + 2*m + 2696 = -o*m. Is f prime?
False
Suppose -42*g - 6307760 = -15940754. Is g a prime number?
False
Let b be (1 - (-27)/(-15))/(8/(-180)). Let a be (-32)/(-14) + b/(-63). Suppose -5*f + 1115 = -2*q, -f - q + 669 = a*f. Is f a prime number?
True
Suppose 3*h = -9, 159373 = 5*x - 8*h - 857736. Is x prime?
True
Let v(h) = 37*h**2 + 28*h + 4. Let u be v(-6). Is (u/32)/(1/38) a composite number?
True
Let q(x) = -6*x - 90. Let s be q(-15). Suppose 4*k - 4*z - 20164 = s, 4*k - 5*z = 12415 + 7751. Is k a prime number?
True
Let u(a) = 2 + 9 - 14 + a**2 + 4*a - 92*a**3 - 2*a. Let y be u(-4). Suppose -5*k + y = 2*w, 3*k = -w + 717 + 2231. Is w a prime number?
True
Let r be (12 + -36)*3*4/(-24). Let p(t) = 4*t**3 + 5*t**2 + 26*t - 11. Is p(r) composite?
False
Suppose -5*t + 24 = -1. Suppose 0 = 4*z - t*o - 16191, 16198 = 4*z + 3*o - o. Is z a composite number?
False
Let l be 9/6 + -3 + (-9)/(-6). Suppose -2*r + s + 3673 = -149, 2*r - 4*s - 3834 = l. Is r composite?
True
Suppose -4*v = -2*b + 148918, -5*b + 372367 = -v + 3*v. Is b composite?
False
Suppose 4*q = 5*z + 31, -5*q - 2*z + 14 = -0*z. Let d(r) = 95*r**2 - 3*r + 2. Let i be d(2). Is i/q*26/4 a prime number?
False
Let l = -24871 - -37812. Is l composite?
False
Let q(f) = -79*f - 465. Let x be q(-7). Suppose -x*t - 119384 = -96*t. Is t a prime number?
True
Let d(c) = -c**2 + 8*c - 9. Let a be d(6). Let o be (6/12)/(2/3004). Suppose f = -a*p + 2*f + 1118, 2*p = -5*f + o. Is p a composite number?
False
Let a(t) = -22030*t - 523. Is a(-3) a prime number?
False
Let s = 20298 + -1081. Is s a composite number?
True
Suppose 0 = 215*q - 218*q + 177. Suppose -o + q = -540. Is o a composite number?
False
Is (-1)/(2*(-8)/(-568336))*-1 a prime number?
True
Is (-301)/(-86)*80090/35 a composite number?
False
Suppose 3*w - 3*a - a - 1963 = 0, a + 653 = w. Suppose w = -p - 240. Let v = p + 1562. Is v a composite number?
False
Suppose 0 = -4*k + k - 15, 2*k + 29598 = 2*z. Suppose -29*c + z = -11277. Is c a prime number?
False
Let r(k) = -k - 6. Let s be r(-1). Let g(v) = -48*v + 25. Is g(s) composite?
True
Let d(f) = -f - 7. Let l be d(-9). Suppose 0 = -4*j - 3*y + 11, 0*j - 4*y = -3*j + l. Suppose -j*o + 63 = 5*z, -z - z = 5*o - 105. Is o composite?
False
Let u = 168507 - 9170. Is u prime?
True
Suppose -g + 30 = 2*i, g - 80 = -3*g + 2*i. Suppose 262 = g*u - 1828. Is u a prime number?
False
Let v(z) = -2*z**3 + 18*z**2 - 12*z - 13. Let q be v(-16). Suppose -3*w - o + 12457 = 0, -5*o = -3*w + q - 510. Is w a composite number?
False
Let y(t) = t**2 + 2*t + 2. Let g be y(-2). Let s be 3/(-1)*1 + (-3)/(-1). Suppose s*f - 3*c + 2772 = 3*f, -g*c - 939 = -f. Is f a prime number?
True
Let j(o) = -18*o - 114. Let r be j(-7). Suppose r*i - 20926 = -6754. Is i prime?
True
Let m(h) = -40372*h + 182. Let g be m(-8). Is g/(-111)*6/(-4) a composite number?
True
Let y = 4968 - 2635. Is y a composite number?
False
Suppose -4*a + 2*h - 19 = -3, 2*h - 8 = 0. Let n be 10/(-15)*15603/a. Suppose 0 = -5*w - 3*b + n, 0 = -2*w - 0*b + b + 2087. Is w a prime number?
False
Let q(j) = 257*j - 88. Let u be q(26). Is (-10)/(-4)*(8 + u/35) prime?
True
Let u = 3539 - 4964. Let p = 3160 + u. Is p prime?
False
Suppose 3*s - 31 - 26 = 2*a, 3*a - 5*s = -88. Let z be (70/(-15) - -4)/(2/a). Suppose 0 = -13*d + z*d + 2358. Is d composite?
True
Let x(b) = 6*b**2 - 3*b - 20. Let a be (-8)/((3 + -2 + 0)/(-8)). Let m = 57 - a. Is x(m) a prime number?
False
Let m(z) be the second derivative of 5*z**2 + 0 - 30*z + 359/6*z**3. Is m(3) a composite number?
False
Suppose 0 = -9*x + 11*x. Suppose x = -10*v + 7216 + 6774. Is v composite?
False
Let w = -48 + 111. Suppose 3893 = -62*j + w*j. Is j prime?
False
Let z(w) = 3*w**2 - 427*w - 187. Is z(-86) a composite number?
True
Let h(t) = -95*t**2 + 21*t - 1. Let s(z) = -48*z**2 + 10*z - 1. Let d(i) = 2*i**2 - 32*i + 6. Let v be d(16). Let w(g) = v*h(g) - 13*s(g). Is w(6) composite?
True
Suppose 9*l - 5*l - 4768 = 0. Suppose 6141 + 5604 = 5*h. Let r = h - l. Is r comp